779?
7
What is the ten thousands digit of 19513992?
1
What is the thousands digit of 56728023?
8
What is the hundreds digit of 1104588897?
8
What is the ten thousands digit of 216542933?
4
What is the hundreds digit of 1688774160?
1
What is the ten millions digit of 3685694091?
8
What is the ten thousands digit of 53794913?
9
What is the hundreds digit of 215707185?
1
What is the tens digit of 1195293614?
1
What is the millions digit of 903649496?
3
What is the hundreds digit of 123850949?
9
What is the thousands digit of 1126250599?
0
What is the hundred thousands digit of 17904197?
9
What is the tens digit of 666326209?
0
What is the units digit of 43384926?
6
What is the units digit of 472129826?
6
What is the millions digit of 481251962?
1
What is the millions digit of 2523036125?
3
What is the ten thousands digit of 7536478?
3
What is the hundred thousands digit of 4153531?
1
What is the ten millions digit of 259362217?
5
What is the ten thousands digit of 44125277?
2
What is the tens digit of 5706282294?
9
What is the hundred thousands digit of 54124947?
1
What is the millions digit of 3269511345?
9
What is the hundreds digit of 1650158469?
4
What is the tens digit of 530187439?
3
What is the thousands digit of 1052819040?
9
What is the hundred thousands digit of 215123594?
1
What is the hundred thousands digit of 57881980?
8
What is the units digit of 1323521689?
9
What is the ten thousands digit of 1452928298?
2
What is the units digit of 333595638?
8
What is the thousands digit of 611347376?
7
What is the thousands digit of 1535727179?
7
What is the millions digit of 103419490?
3
What is the thousands digit of 634336181?
6
What is the ten thousands digit of 8756180?
5
What is the ten millions digit of 337183907?
3
What is the ten millions digit of 1806672005?
0
What is the hundred thousands digit of 2255122936?
1
What is the ten thousands digit of 196362234?
6
What is the thousands digit of 17102778?
2
What is the millions digit of 25698707?
5
What is the tens digit of 4326188951?
5
What is the tens digit of 1196895502?
0
What is the hundred thousands digit of 7710311933?
3
What is the ten thousands digit of 3995901?
9
What is the thousands digit of 6289535866?
5
What is the ten millions digit of 2918036533?
1
What is the hundreds digit of 215380460?
4
What is the thousands digit of 171305262?
5
What is the units digit of 50749727?
7
What is the hundred millions digit of 157532984?
1
What is the hundred millions digit of 3145481952?
1
What is the thousands digit of 160103404?
3
What is the hundreds digit of 16326101?
1
What is the hundreds digit of 295671465?
4
What is the billions digit of 5141211391?
5
What is the billions digit of 1951791167?
1
What is the ten millions digit of 1013356556?
1
What is the tens digit of 12751932?
3
What is the hundreds digit of 1904364?
3
What is the hundreds digit of 23727431?
4
What is the tens digit of 3950309369?
6
What is the ten millions digit of 374078807?
7
What is the units digit of 3698611554?
4
What is the millions digit of 309440447?
9
What is the millions digit of 92893322?
2
What is the ten thousands digit of 129585093?
8
What is the hundreds digit of 49896162?
1
What is the hundred thousands digit of 136086690?
0
What is the thousands digit of 246738397?
8
What is the units digit of 145430693?
3
What is the hundreds digit of 85413794?
7
What is the hundred millions digit of 231651689?
2
What is the billions digit of 8395372860?
8
What is the hundred thousands digit of 239337439?
3
What is the thousands digit of 2891834738?
4
What is the ten millions digit of 59635618?
5
What is the units digit of 117584041?
1
What is the ten thousands digit of 75969845?
6
What is the ten thousands digit of 2055371635?
7
What is the billions digit of 5438637300?
5
What is the tens digit of 79827268?
6
What is the hundred thousands digit of 1233629222?
6
What is the hundreds digit of 3979763826?
8
What is the millions digit of 61427259?
1
What is the ten millions digit of 10592709?
1
What is the ten millions digit of 1476545638?
7
What is the billions digit of 5456097931?
5
What is the hundred thousands digit of 365429621?
4
What is the thousands digit of 312824030?
4
What is the units digit of 111670185?
5
What is the units digit of 843870442?
2
What is the millions digit of 36486715?
6
What is the tens digit of 3147890239?
3
What is the thousands digit of 8597961497?
1
What is the tens digit of 317961901?
0
What is the hundred thousands digit of 3132184592?
1
What is the millions digit of 48432317?
8
What is the hundreds digit of 129772219?
2
What is the ten thousands digit of 4256116001?
1
What is the tens digit of 2879471407?
0
What is the thousands digit of 3728291249?
1
What is the thousands digit of 3319916636?
6
What is the hundred thousands digit of 97941061?
9
What is the millions digit of 4161045369?
1
What is the millions digit of 247748465?
7
What is the hundred millions digit of 268872680?
2
What is the ten millions digit of 62906492?
6
What is the thousands digit of 410481603?
1
What is the units digit of 921118449?
9
What is the units digit of 165812143?
3
What is the ten millions digit of 54047044?
5
What is the millions digit of 4290949429?
0
What is the thousands digit of 47323004?
3
What is the thousands digit of 35398795?
8
What is the hundreds digit of 289636017?
0
What is the hundred thousands digit of 503518992?
5
What is the hundred millions digit of 724849969?
7
What is the billions digit of 2446052478?
2
What is the thousands digit of 954863040?
3
What is the hundred millions digit of 100982143?
1
What is the ten millions digit of 561157518?
6
What is the hundred thousands digit of 16127530?
1
What is the ten thousands digit of 2043659617?
5
What is the tens digit of 75320543?
4
What is the ten thousands digit of 867821760?
2
What is the ten thousands digit of 1492986123?
8
What is the ten thousands digit of 160590854?
9
What is the tens digit of 1314825143?
4
What is the tens digit of 329458781?
8
What is the millions digit of 7477348567?
7
What is the hundred thousands digit of 281761059?
7
What is the tens digit of 78153698?
9
What is the ten millions digit of 666449893?
6
What is the hundreds digit of 3022125?
1
What is the ten millions digit of 1109232699?
0
What is the thousands digit of 620516?
0
What is the millions digit of 45720658?
5
What is the thousands digit of 235738312?
8
What is the hundred millions digit of 8485011929?
4
What is the hundred thousands digit of 28650316?
6
What is the hundred millions digit of 273502046?
2
What is the hundreds digit of 148280339?
3
What is the ten thousands digit of 245703643?
0
What is the hundred millions digit of 311199581?
3
What is the ten millions digit of 111911454?
1
What is the hundred millions digit of 486737202?
4
What is the hundreds digit of 197752499?
4
What is the ten millions digit of 250869633?
5
What is the hundred millions digit of 3357534001?
3
What is the ten thousands digit of 386363578?
6
What is the thousands digit of 280068710?
8
What is the ten thousands digit of 1245372319?
7
What is the ten millions digit of 2564140445?
6
What is the units digit of 10392563?
3
What is the millions digit of 26755481?
6
What is the units digit of 37195870?
0
What is the hundreds digit of 46503487?
4
What is the ten thousands digit of 30050018?
5
What is the thousands digit of 129829732?
9
What is the hundred millions digit of 3540769793?
5
What is the hundreds digit of 457972836?
8
What is the hundreds digit of 208828534?
5
What is the units digit of 22837781?
1
What is the ten thousands digit of 535791841?
9
What is the hundred millions digit of 247638419?
2
What is the units digit of 32978276?
6
What is the millions digit of 79132319?
9
What is the ten thousands digit of 345122505?
2
What is the hundred thousands digit of 47652641?
6
What is the tens digit of 2879318254?
5
What is the ten thousands digit of 503133787?
3
What is the tens digit of 43274879?
7
What is the hundreds digit of 213593182?
1
What is the hundreds digit of 123401617?
6
What is the billions digit of 1666974783?
1
What is the ten millions digit of 267884248?
6
What is the hundreds digit of 3929784797?
7
What is the ten thousands digit of 16428